 the prime factors of 997590952?
2, 29, 4299961
What are the prime factors of 164525369?
164525369
What are the prime factors of 1754065413?
3, 283, 688679
List the prime factors of 149976980.
2, 5, 29, 258581
What are the prime factors of 238108233?
3, 11, 7215401
List the prime factors of 207291310.
2, 5, 20729131
List the prime factors of 2131916868.
2, 3, 313, 63067
What are the prime factors of 15070575?
3, 5, 13, 29, 41
What are the prime factors of 4531166725?
5, 181246669
List the prime factors of 65589131.
65589131
List the prime factors of 131432807.
11, 193, 61909
What are the prime factors of 277170641?
11, 61, 413071
What are the prime factors of 62317682?
2, 7, 17, 19, 13781
List the prime factors of 34383200.
2, 5, 42979
List the prime factors of 39988983.
3, 13329661
What are the prime factors of 39356427?
3, 11, 23, 51853
What are the prime factors of 1626757842?
2, 3, 29, 73, 89, 1439
List the prime factors of 63144911.
63144911
What are the prime factors of 23466651?
3, 13, 53, 11353
What are the prime factors of 607241257?
7, 86748751
List the prime factors of 28021758.
2, 3, 4670293
What are the prime factors of 169239795?
3, 5, 29, 389057
What are the prime factors of 1528976082?
2, 3, 47, 1109, 4889
What are the prime factors of 2565971553?
3, 139, 6153409
What are the prime factors of 126890063?
4211, 30133
What are the prime factors of 118796752?
2, 7424797
List the prime factors of 2038710865.
5, 9281, 43933
What are the prime factors of 34685355?
3, 5, 17, 19, 7159
List the prime factors of 3108872871.
3, 13, 26571563
List the prime factors of 185593738.
2, 11, 8436079
List the prime factors of 1887481284.
2, 3, 13, 73, 107, 1549
List the prime factors of 1322667.
3, 281, 523
What are the prime factors of 4904262765?
3, 5, 17, 41, 156361
List the prime factors of 172084636.
2, 43021159
What are the prime factors of 129499187?
43, 227, 13267
List the prime factors of 408931128.
2, 3, 181, 31379
List the prime factors of 493483520.
2, 5, 192767
List the prime factors of 4441947620.
2, 5, 11, 157, 128603
What are the prime factors of 565814135?
5, 113162827
List the prime factors of 627952724.
2, 7, 3833, 5851
What are the prime factors of 39459465?
3, 5, 17, 51581
What are the prime factors of 21770433?
3, 347, 6971
List the prime factors of 418772056.
2, 31, 89, 18973
List the prime factors of 17217100.
2, 5, 172171
List the prime factors of 507921336.
2, 3, 13, 79, 6869
What are the prime factors of 4021577336?
2, 7, 71813881
List the prime factors of 1193209244.
2, 71, 1091, 3851
List the prime factors of 348305441.
11, 2857, 11083
List the prime factors of 42587062.
2, 7, 3041933
List the prime factors of 222925889.
43, 5184323
List the prime factors of 587351762.
2, 47, 89, 70207
List the prime factors of 6413943136.
2, 200435723
What are the prime factors of 60363553?
3463, 17431
List the prime factors of 1292974947.
3, 11, 19, 29, 7901
What are the prime factors of 223058083?
6689, 33347
What are the prime factors of 187296636?
2, 3, 23, 678611
What are the prime factors of 138543440?
2, 5, 7, 19, 29, 449
What are the prime factors of 25004539?
7, 3572077
What are the prime factors of 48964784?
2, 11, 278209
What are the prime factors of 198391613?
7, 373, 75983
List the prime factors of 924981609.
3, 229, 647, 2081
List the prime factors of 129129530.
2, 5, 12912953
What are the prime factors of 46055607?
3, 13, 1180913
What are the prime factors of 36134653?
41, 881333
List the prime factors of 122396207.
122396207
What are the prime factors of 198347951?
31, 1283, 4987
List the prime factors of 373798.
2, 31, 6029
List the prime factors of 6280252472.
2, 13, 17, 3552179
List the prime factors of 22396878.
2, 3, 7, 193, 307
List the prime factors of 1382634625.
5, 11061077
What are the prime factors of 293690656?
2, 7, 29, 1559
List the prime factors of 1913166199.
7, 181, 1509997
List the prime factors of 54354966.
2, 3, 31, 292231
What are the prime factors of 343098337?
23, 3359, 4441
What are the prime factors of 527482186?
2, 7, 11, 1051, 3259
What are the prime factors of 224592286?
2, 23, 101, 48341
List the prime factors of 1437335233.
97, 103, 293, 491
What are the prime factors of 767761799?
7, 61, 1798037
List the prime factors of 88763932.
2, 109, 163, 1249
List the prime factors of 2867384384.
2, 431, 103951
What are the prime factors of 1524319390?
2, 5, 11, 313, 44273
What are the prime factors of 1290801396?
2, 3, 137, 785159
List the prime factors of 585325525.
5, 139, 179, 941
List the prime factors of 874020281.
874020281
What are the prime factors of 1177663302?
2, 3, 47, 73, 19069
What are the prime factors of 14311229?
17, 179, 4703
What are the prime factors of 6746337591?
3, 7, 45893453
What are the prime factors of 34930138?
2, 17, 1027357
List the prime factors of 46181637.
3, 1710431
List the prime factors of 460437571.
11, 17, 2462233
What are the prime factors of 163505809?
47, 3478847
What are the prime factors of 2601070?
2, 5, 23, 43, 263
What are the prime factors of 123978470?
2, 5, 7, 11, 59, 2729
What are the prime factors of 46850050?
2, 5, 13, 72077
List the prime factors of 201413987.
1811, 111217
List the prime factors of 1544213202.
2, 3, 7, 36766981
List the prime factors of 353882801.
1979, 178819
What are the prime factors of 555306885?
3, 5, 7, 1097, 1607
What are the prime factors of 2266743353?
7, 277, 1169027
List the prime factors of 2650143024.
2, 3, 18403771
What are the prime factors of 231193322?
2, 761, 151901
List the prime factors of 501796077.
3, 29, 599, 9629
List the prime factors of 611074445.
5, 89, 1373201
List the prime factors of 10487644.
2, 67, 39133
What are the prime factors of 479554092?
2, 3, 29, 459343
What are the prime factors of 41348981?
17, 2432293
What are the prime factors of 1274696749?
1274696749
List the prime factors of 105292921.
2473, 42577
List the prime factors of 25554042.
2, 3, 233, 677
List the prime factors of 73182003.
3, 24394001
List the prime factors of 3783158897.
7, 1327, 407273
What are the prime factors of 1844796663?
3, 204977407
List the prime factors of 5663676996.
2, 3, 137, 467, 2459
List the prime factors of 477735916.
2, 7, 31, 431, 1277
List the prime factors of 2313621955.
5, 462724391
List the prime factors of 2039117351.
139, 14669909
What are the prime factors of 200794164?
2, 3, 2113, 7919
What are the prime factors of 2761390036?
2, 17, 103, 394259
What are the prime factors of 1721780314?
2, 2099, 410143
List the prime factors of 680912856.
2, 3, 13, 727471
What are the prime factors of 1332739645?
5, 41, 139, 46771
List the prime factors of 31458688.
2, 245771
List the prime factors of 119553370.
2, 5, 29, 412253
What are the prime factors of 8218946465?
5, 1643789293
List the prime factors of 22940055.
3, 5, 17, 157, 191
List the prime factors of 23887640.
2, 5, 7, 85313
List the prime factors of 690059753.
690059753
List the prime factors of 200020914.
2, 3, 89, 13873
What are the prime factors of 55945080?
2, 3, 5, 31, 557
What are the prime factors of 381790708?
2, 13, 23, 319223
What are the prime factors of 313414561?
313414561
What are the prime factors of 143928135?
3, 5, 13, 19, 23, 563
List the prime factors of 69579725.
5, 17, 53, 3089
List the prime factors of 2221010153.
29, 76586557
What are the prime factors of 72324445?
5, 131, 110419
List the prime factors of 67759590.
2, 3, 5, 2258653
List the prime factors of 1476131295.
3, 5, 863, 114031
List the prime factors of 103378936.
2, 12922367
List the prime factors of 411967983.
3, 7, 2111, 9293
List the prime factors of 1255207880.
2, 5, 31380197
What are the prime factors of 104863809?
3, 37, 167, 5657
What are the prime factors of 4544265721?
4544265721
What are the prime factors of 1150422809?
23, 50018383
List the prime factors of 119496071.
119496071
What are the prime factors of 17898566?
2, 7, 571, 2239
List the prime factors of 15933664.
2, 23, 21649
List the prime factors of 38022772.
2, 23, 71, 5821
List the prime factors of 245057260.
2, 5, 7, 1750409
List the prime factors of 93573369.
3, 101, 311, 331
List the prime factors of 5779124.
2, 13, 83, 103
What are the prime factors of 3965353273?
7, 80925577
List the prim